igit of 3043?
3
What is the tens digit of 9108?
0
What is the thousands digit of 15523?
5
What is the thousands digit of 6839?
6
What is the thousands digit of 1304?
1
What is the units digit of 9731?
1
What is the tens digit of 2110?
1
What is the hundreds digit of 3793?
7
What is the units digit of 2834?
4
What is the tens digit of 7476?
7
What is the thousands digit of 10934?
0
What is the tens digit of 281?
8
What is the thousands digit of 6698?
6
What is the units digit of 1700?
0
What is the tens digit of 20?
2
What is the tens digit of 6145?
4
What is the hundreds digit of 1054?
0
What is the units digit of 4164?
4
What is the tens digit of 30002?
0
What is the hundreds digit of 5221?
2
What is the hundreds digit of 76212?
2
What is the tens digit of 3407?
0
What is the tens digit of 4100?
0
What is the units digit of 82829?
9
What is the ten thousands digit of 28242?
2
What is the ten thousands digit of 14654?
1
What is the tens digit of 7405?
0
What is the thousands digit of 18453?
8
What is the units digit of 3423?
3
What is the hundreds digit of 6792?
7
What is the thousands digit of 14482?
4
What is the units digit of 9380?
0
What is the hundreds digit of 2608?
6
What is the units digit of 3418?
8
What is the ten thousands digit of 43205?
4
What is the hundreds digit of 128?
1
What is the ten thousands digit of 112446?
1
What is the tens digit of 4213?
1
What is the thousands digit of 9255?
9
What is the hundreds digit of 1742?
7
What is the units digit of 3067?
7
What is the units digit of 7480?
0
What is the tens digit of 674?
7
What is the ten thousands digit of 12142?
1
What is the hundreds digit of 2664?
6
What is the thousands digit of 103178?
3
What is the hundred thousands digit of 111282?
1
What is the tens digit of 29418?
1
What is the thousands digit of 12950?
2
What is the units digit of 509?
9
What is the tens digit of 51256?
5
What is the units digit of 45364?
4
What is the units digit of 488?
8
What is the thousands digit of 17535?
7
What is the ten thousands digit of 45775?
4
What is the tens digit of 2413?
1
What is the units digit of 386?
6
What is the thousands digit of 1402?
1
What is the ten thousands digit of 19807?
1
What is the hundreds digit of 13297?
2
What is the hundreds digit of 678?
6
What is the ten thousands digit of 71754?
7
What is the units digit of 310?
0
What is the hundreds digit of 1251?
2
What is the thousands digit of 68950?
8
What is the units digit of 1469?
9
What is the hundreds digit of 1138?
1
What is the units digit of 4323?
3
What is the thousands digit of 1195?
1
What is the hundreds digit of 7292?
2
What is the ten thousands digit of 21832?
2
What is the units digit of 908?
8
What is the units digit of 35953?
3
What is the tens digit of 36704?
0
What is the thousands digit of 5600?
5
What is the hundreds digit of 5456?
4
What is the units digit of 4062?
2
What is the hundreds digit of 252?
2
What is the units digit of 7569?
9
What is the units digit of 5577?
7
What is the tens digit of 10721?
2
What is the tens digit of 1481?
8
What is the thousands digit of 5106?
5
What is the hundreds digit of 94340?
3
What is the tens digit of 550?
5
What is the units digit of 2014?
4
What is the hundreds digit of 5632?
6
What is the units digit of 2900?
0
What is the tens digit of 17?
1
What is the hundreds digit of 2070?
0
What is the hundreds digit of 1482?
4
What is the tens digit of 29911?
1
What is the ten thousands digit of 72029?
7
What is the thousands digit of 2009?
2
What is the units digit of 695?
5
What is the tens digit of 3215?
1
What is the tens digit of 1189?
8
What is the thousands digit of 1695?
1
What is the ten thousands digit of 13554?
1
What is the tens digit of 624?
2
What is the tens digit of 7656?
5
What is the hundreds digit of 897?
8
What is the tens digit of 9126?
2
What is the units digit of 14666?
6
What is the units digit of 65399?
9
What is the tens digit of 677?
7
What is the tens digit of 643?
4
What is the tens digit of 68560?
6
What is the thousands digit of 58147?
8
What is the tens digit of 5074?
7
What is the ten thousands digit of 39457?
3
What is the tens digit of 47497?
9
What is the thousands digit of 7970?
7
What is the tens digit of 863?
6
What is the tens digit of 5171?
7
What is the thousands digit of 6505?
6
What is the tens digit of 3231?
3
What is the tens digit of 407?
0
What is the tens digit of 28574?
7
What is the tens digit of 192?
9
What is the hundreds digit of 897?
8
What is the hundreds digit of 340?
3
What is the ten thousands digit of 83288?
8
What is the thousands digit of 8727?
8
What is the thousands digit of 1102?
1
What is the hundreds digit of 6166?
1
What is the units digit of 4460?
0
What is the tens digit of 11132?
3
What is the thousands digit of 13715?
3
What is the hundreds digit of 1651?
6
What is the hundreds digit of 1165?
1
What is the hundreds digit of 1595?
5
What is the tens digit of 32520?
2
What is the units digit of 594?
4
What is the hundreds digit of 482?
4
What is the units digit of 19010?
0
What is the hundreds digit of 630?
6
What is the thousands digit of 12675?
2
What is the hundreds digit of 5008?
0
What is the hundreds digit of 1878?
8
What is the thousands digit of 6901?
6
What is the tens digit of 2770?
7
What is the tens digit of 4188?
8
What is the thousands digit of 22179?
2
What is the ten thousands digit of 23290?
2
What is the hundred thousands digit of 129317?
1
What is the units digit of 50954?
4
What is the hundreds digit of 3077?
0
What is the hundreds digit of 21209?
2
What is the tens digit of 13654?
5
What is the hundreds digit of 366?
3
What is the tens digit of 2697?
9
What is the units digit of 2812?
2
What is the thousands digit of 104321?
4
What is the thousands digit of 3965?
3
What is the thousands digit of 1469?
1
What is the thousands digit of 25877?
5
What is the thousands digit of 4256?
4
What is the thousands digit of 9542?
9
What is the hundreds digit of 904?
9
What is the tens digit of 59727?
2
What is the thousands digit of 5577?
5
What is the tens digit of 3377?
7
What is the tens digit of 493?
9
What is the thousands digit of 10986?
0
What is the tens digit of 11294?
9
What is the units digit of 2350?
0
What is the thousands digit of 1231?
1
What is the units digit of 12806?
6
What is the tens digit of 265?
6
What is the hundreds digit of 10026?
0
What is the tens digit of 39109?
0
What is the hundreds digit of 77731?
7
What is the thousands digit of 38938?
8
What is the hundreds digit of 642?
6
What is the tens digit of 286?
8
What is the thousands digit of 27052?
7
What is the thousands digit of 10724?
0
What is the thousands digit of 8790?
8
What is the hundreds digit of 132054?
0
What is the thousands digit of 2617?
2
What is the ten thousands digit of 140785?
4
What is the ten thousands digit of 59123?
5
What is the tens digit of 8931?
3
What is the units digit of 931?
1
What is the hundreds digit of 350?
3
What is the tens digit of 505?
0
What is the thousands digit of 4488?
4
What is the units digit of 3327?
7
What is the units digit of 580?
0
What is the hundreds digit of 20988?
9
What is the tens digit of 1173?
7
What is the tens digit of 477?
7
What is the units digit of 25675?
5
What is the units digit of 19425?
5
What is the hundreds digit of 6798?
7
What is the tens digit of 3609?
0
What is the units digit of 62256?
6
What is the tens digit of 499?
9
What is the thousands digit of 5938?
5
What is the tens digit of 1244?
4
What is the units digit of 2232?
2
What is the hundreds digit of 6280?
2
What is the tens digit of 1105?
0
What is the tens digit of 500?
0
What is the units digit of 2744?
4
What is the units digit of 256?
6
What is the units digit of 672?
2
What is the tens digit of 4495?
9
What is the tens digit of 2005?
0
What is the tens digit of 7640?
4
What is the hundreds digit of 20611?
6
What is the tens digit of 2186?
8
What is the thousands digit of 2588?
2
What is the tens digit of 4106?
0
What is the units digit of 47040?
0
What is the thousands digit of 95214?
5
What is the hundreds digit of 1753?
7
What is the tens digit of 543?
4
What is the hundreds digit of 974?
9
What is the hundreds digit of 6698?
6
What is the tens digit of 44863?
6
